44086?
94
Calculate the greatest common factor of 770 and 2176405.
385
What is the greatest common factor of 14 and 57848?
14
Calculate the highest common factor of 91 and 1989.
13
Calculate the greatest common divisor of 7585 and 15.
5
What is the highest common factor of 8784 and 224?
16
What is the highest common divisor of 41587 and 39?
13
What is the highest common factor of 1329 and 4977991?
443
What is the highest common factor of 472405 and 535?
535
Calculate the highest common divisor of 968814 and 462.
462
Calculate the highest common factor of 162 and 219672.
162
Calculate the highest common factor of 639 and 162.
9
Calculate the greatest common factor of 10598 and 2072.
14
Calculate the greatest common factor of 336 and 3768.
24
What is the greatest common factor of 43375 and 2429?
347
What is the greatest common factor of 398 and 1564538?
398
What is the highest common factor of 29295 and 1575?
315
Calculate the highest common divisor of 125388 and 172.
172
What is the greatest common divisor of 15375 and 8979?
123
What is the highest common factor of 648 and 388?
4
Calculate the greatest common factor of 49345 and 1390.
695
What is the greatest common factor of 272 and 406096?
272
What is the highest common divisor of 50 and 68?
2
What is the greatest common divisor of 365924 and 15436?
908
What is the highest common divisor of 6161 and 1037?
61
Calculate the highest common divisor of 12949 and 483.
23
What is the highest common factor of 354 and 25724?
118
Calculate the greatest common factor of 652 and 2062276.
652
Calculate the greatest common divisor of 35576 and 10.
2
What is the greatest common divisor of 1856 and 8656?
16
Calculate the greatest common factor of 58756 and 925.
37
Calculate the highest common factor of 220 and 230120.
220
Calculate the greatest common divisor of 5 and 5525.
5
What is the greatest common divisor of 275 and 19175?
25
What is the highest common factor of 138233 and 1009?
1009
Calculate the greatest common divisor of 77220 and 38324.
572
Calculate the highest common factor of 306 and 53346.
102
Calculate the highest common divisor of 6357 and 832.
13
What is the greatest common factor of 969 and 1380502?
323
What is the highest common factor of 14 and 2506?
14
What is the highest common divisor of 9872660 and 485?
485
Calculate the greatest common divisor of 84058 and 286.
26
Calculate the highest common factor of 54 and 9054.
18
Calculate the greatest common factor of 2752 and 523912.
344
What is the highest common divisor of 84669 and 338?
169
Calculate the highest common divisor of 1200 and 139800.
600
What is the greatest common divisor of 121859 and 233?
233
What is the greatest common factor of 236283 and 246?
123
What is the highest common divisor of 660 and 3212?
44
What is the greatest common divisor of 482747 and 621?
23
Calculate the greatest common factor of 7266 and 72314.
346
Calculate the greatest common divisor of 23215908 and 159.
159
Calculate the greatest common divisor of 2619 and 297.
27
What is the greatest common divisor of 15 and 17600?
5
Calculate the highest common divisor of 1134 and 6594.
42
What is the highest common divisor of 1976 and 510796?
988
Calculate the highest common factor of 9639 and 638442.
567
What is the highest common factor of 51 and 12223?
17
Calculate the highest common divisor of 24170457 and 1473.
1473
What is the highest common divisor of 44604 and 54432?
756
Calculate the greatest common factor of 160966 and 61828.
1066
Calculate the greatest common divisor of 74899 and 847.
121
Calculate the greatest common divisor of 84764 and 28.
4
What is the highest common divisor of 171 and 34461?
9
What is the highest common divisor of 466416 and 4797?
369
Calculate the greatest common factor of 562824 and 72.
72
What is the greatest common factor of 10791 and 34008?
327
What is the highest common factor of 1670 and 10?
10
What is the greatest common factor of 862 and 18?
2
Calculate the greatest common factor of 553 and 158237.
79
What is the highest common factor of 1692 and 1992?
12
Calculate the greatest common divisor of 10788 and 93.
93
What is the greatest common factor of 1138379 and 407?
407
What is the greatest common divisor of 642 and 574911?
321
What is the greatest common factor of 1274 and 45734?
26
What is the greatest common factor of 12 and 281004?
12
What is the highest common divisor of 116900 and 400?
100
Calculate the greatest common factor of 1020 and 19740.
60
What is the highest common factor of 9382 and 38?
2
Calculate the greatest common factor of 150727 and 38.
19
Calculate the highest common divisor of 8587 and 7756.
277
Calculate the greatest common factor of 1105 and 26741.
221
What is the highest common factor of 15916 and 2249?
173
Calculate the highest common factor of 130417 and 28.
7
What is the highest common divisor of 4926 and 10?
2
What is the highest common divisor of 47002 and 6620?
662
What is the highest common factor of 80 and 196720?
80
Calculate the greatest common divisor of 7 and 73969.
7
What is the greatest common factor of 942 and 16224?
6
Calculate the highest common factor of 7338 and 24.
6
Calculate the highest common factor of 205 and 756737.
41
What is the greatest common divisor of 132 and 41558?
22
Calculate the highest common divisor of 9638 and 1106.
158
Calculate the highest common factor of 416 and 512.
32
Calculate the highest common factor of 26202 and 594.
66
What is the greatest common divisor of 33668 and 89486?
886
Calculate the highest common divisor of 33948 and 99548.
164
Calculate the greatest common divisor of 2363 and 18765.
139
Calculate the greatest common divisor of 143 and 24959.
11
Calculate the highest common factor of 1040 and 620.
20
Calculate the highest common divisor of 228 and 1566512.
76
What is the highest common factor of 1460 and 1780?
20
What is the greatest common divisor of 322857 and 87?
87
What is the greatest common divisor of 780 and 271320?
60
Calculate the greatest common factor of 468 and 5161.
13
What is the highest common divisor of 58 and 41731?
29
Calculate the highest common divisor of 4796 and 618902.
218
What is the greatest common factor of 24 and 546564?
12
Calculate the greatest common divisor of 651 and 205437.
93
What is the greatest common divisor of 5511 and 627?
33
Calculate the highest common factor of 8975 and 2650.
25
What is the greatest common factor of 138529 and 3439?
19
What is the highest common divisor of 50750 and 2968?
14
What is the highest common divisor of 4970 and 126?
14
What is the highest common factor of 291720 and 264?
264
What is the highest common divisor of 147199 and 201?
67
What is the greatest common factor of 1661527 and 7?
7
Calculate the highest common divisor of 89 and 103685.
89
What is the highest common divisor of 94030 and 10?
10
Calculate the highest common factor of 40 and 32105.
5
What is the greatest common factor of 1348 and 2820353?
337
Calculate the greatest common divisor of 121 and 37873.
121
Calculate the greatest common factor of 13 and 176722.
13
Calculate the greatest common divisor of 21797 and 355.
71
Calculate the highest common divisor of 25631 and 3249.
361
Calculate the highest common divisor of 65 and 130.
65
Calculate the highest common factor of 21554517 and 159.
159
Calculate the highest common divisor of 86 and 196123.
43
What is the highest common factor of 1221 and 7315?
11
What is the greatest common factor of 10575 and 435?
15
What is the highest common divisor of 532 and 82194?
266
Calculate the greatest common factor of 5023989 and 29.
29
Calculate the greatest common divisor of 302365 and 163.
163
What is the greatest common factor of 45 and 150462?
9
What is the greatest common divisor of 46238 and 3790?
758
What is the greatest common divisor of 1141 and 4690?
7
Calculate the highest common divisor of 22496 and 57.
19
Calculate the highest common factor of 7227 and 99.
99
Calculate the greatest common divisor of 61 and 2501.
61
What is the highest common divisor of 635 and 7747?
127
What is the greatest common factor of 6782851 and 1229?
1229
Calculate the highest common factor of 4759 and 40.
1
Calculate the highest common divisor of 140289 and 3241.
463
What is the g